reatest common divisor of 4 and g?
4
Suppose d = -0 + 5. Suppose y - 364 = -0*y. Suppose d*i - y = i. What is the highest common factor of 13 and i?
13
Let a(x) = -x**3 + 5*x**2 + 9*x - 16. Let r be a(6). Let b be (-36)/(-15)*(-30)/(-4). Calculate the highest common factor of b and r.
2
Let z(o) = -o**2 + 6*o - 1. Let v be z(6). Let m be (49 - -4) + v/(-1). Calculate the highest common factor of m and 6.
6
Let k be -1 + 3 + 6/3. Let m = -13 + 15. Suppose -d - d = -k*n + 278, 3*n + m*d - 198 = 0. Calculate the highest common divisor of n and 17.
17
Let p(f) = f**3 - 3*f**2 - 4*f + 0 - 4*f**2 - 3 - 2. Let d be p(8). Calculate the greatest common divisor of d and 9.
9
Let z(m) = m**3 - 6*m**2 - 7*m - 6. Let h be z(8). What is the highest common factor of 22 and h?
22
Suppose -9 = 3*d + 2*f, -2*f = f. Let i be 18*((-6)/4)/d. Let m(y) = 6*y - 6. Let q be m(4). What is the greatest common divisor of i and q?
9
Let v(t) = 0 - 2 + t**2 + 2*t + 3. Let o be v(2). What is the greatest common factor of 36 and o?
9
Let d = -54 + 96. Calculate the highest common factor of 105 and d.
21
Suppose 0*i = 4*i - 4. Suppose -14 - i = 5*n. Let w be -2 - (-6 - n) - -6. Calculate the greatest common divisor of 21 and w.
7
Let z(a) = -a**3 + 8*a**2 - 6*a - 6. Let h be (-16)/(-6)*(-36)/(-16). Let n be z(h). Calculate the greatest common factor of n and 3.
3
Let u(f) = -2*f - f - 5*f. Let y be u(-1). Suppose -4*a + b + 288 = 0, 133 = -4*a + 5*b + 421. Calculate the highest common factor of y and a.
8
Suppose -12*c + 9*c + 30 = 0. What is the highest common divisor of c and 15?
5
Let p(c) = c**3 + 4*c**2 - 5*c. Let b be p(-5). Let s be (b + -2)/2 + 9. Let f = -6 + s. What is the greatest common factor of 2 and f?
2
Let x(y) = -3 + 5 - 5 + 2*y + 1. Let r be x(7). What is the greatest common divisor of 6 and r?
6
Suppose -2 = -4*q + 10. Let g be 279/q + (-6)/(-2). What is the greatest common divisor of 12 and g?
12
Let t(i) = 5*i + 2*i - 13 + 9. Let p be t(2). What is the highest common divisor of 90 and p?
10
Let t(v) = 2*v**3 - 4*v**2 - 2*v - 4. Let g be t(-3). Let a = -60 - g. Suppose -5*f - 70 = -6*f. What is the highest common factor of a and f?
14
Let n = 105 + -50. What is the highest common divisor of n and 11?
11
Let d = 0 - -5. Suppose -20 = d*k, 16 = g - 4*k - 20. Calculate the greatest common factor of g and 4.
4
Let p be -2*(-13 + -1 + 4). Let t = 33 - p. What is the greatest common divisor of 65 and t?
13
Let g be 11/2 + (-2)/4. Let w(f) be the first derivative of -f**3/3 + 7*f**2/2 - 5*f - 1. Let q be w(g). Calculate the highest common factor of q and 55.
5
Let s be -1*(-3 - 79 - 2). Let q(r) = r**3 - 3*r**2 - 2*r - 5. Let g be q(4). Let p be 38/g - 4/6. What is the highest common divisor of p and s?
12
Let r(g) be the second derivative of 11*g**3/3 - 3*g. Let b be r(1). Suppose -3*t - 2*t + 1210 = 0. What is the greatest common factor of b and t?
22
Suppose 5*d - 202 = 403. Let x = -10 + 2. Let y = x + 19. Calculate the greatest common divisor of y and d.
11
Suppose -3*u = u - 144. Let o = 226 + -154. What is the highest common factor of o and u?
36
Suppose -5*x + 64 = o + 2*o, 4*o - 100 = -3*x. Calculate the highest common divisor of o and 126.
14
Let h be 3/3*(-1 - -40). Suppose -4*m + 1 + h = 0. What is the highest common factor of 50 and m?
10
Let g(x) = x**2 - 4*x - 2. Let u be g(8). Calculate the greatest common factor of 75 and u.
15
Suppose 110 + 145 = 3*b. Suppose 0 = -a + d + 20, 3*d = -5 - 4. What is the highest common divisor of a and b?
17
Let m be 51/15 - (-2)/(-5). Suppose -m*c + 48 = -2*c. Suppose -c = -3*g + g. What is the greatest common divisor of g and 12?
12
Suppose 0 = -4*y + 7*t - 2*t + 509, -5*y + t + 610 = 0. Calculate the greatest common divisor of y and 11.
11
Suppose 0*o - 1 = o - 4*a, 0 = 3*o - a + 25. Let c = 20 + o. Calculate the greatest common divisor of 11 and c.
11
Let k(l) = l**3 - 3*l**2 + 3*l - 3. Let b be k(2). Let v be 1/((-1)/(b*6)). Calculate the highest common divisor of v and 54.
6
Let d(l) = l**2 + 3*l - 3. Let t be d(-5). Calculate the greatest common divisor of 21 and t.
7
Let n = -1 - -4. Suppose -n*p = -68 - 67. What is the highest common factor of p and 5?
5
Let d(a) = a + 7. Let m be d(-6). Calculate the highest common divisor of 9 and m.
1
Suppose 5*c = 4*c + 10. What is the greatest common factor of 5 and c?
5
Suppose 3*t = -3*t + 2046. What is the greatest common factor of t and 31?
31
Let w(f) = f**2 - 16. Let o be w(0). Let d be 54/12*o/(-6). Calculate the highest common divisor of 84 and d.
12
Let p be 4/(-6) - 41/(-3). Let u = 110 - 41. Let k = 121 - u. What is the greatest common divisor of k and p?
13
Let i(g) = -g**3 + 11*g**2 - 13*g + 4. Let k be i(9). What is the greatest common divisor of k and 7?
7
Let x(v) = -3*v + 1. Let i be x(-3). Let w = -7 - -3. Let j(c) = -c**3 + 3*c**2 + c + 2. Let o be j(w). Calculate the highest common divisor of i and o.
10
Suppose 2*q - 6*q = -2*c - 12, 3*c - 6 = 0. What is the highest common factor of 20 and q?
4
Let u be (-46)/(-4)*(3 + 11). Suppose 14 = -3*m + u. What is the highest common divisor of m and 7?
7
Let n(t) = -t + 14. Let q be n(0). Let a be 4/14 + (-96)/42. Let o be (a - -1)/((-3)/21). What is the highest common factor of q and o?
7
Suppose -5*c + 16 = -c. Suppose 3*g - c - 14 = 0. Suppose -4*k + 64 = -8. Calculate the greatest common divisor of g and k.
6
Suppose -p = p - 32. What is the highest common factor of 144 and p?
16
Suppose -3*g + k + 595 = 0, 5*k = 5*g + 3*k - 990. Let t(y) = 11*y - 2. Let w be t(2). What is the highest common divisor of w and g?
20
Let k(t) = 16*t + 1. Let c be k(1). Calculate the highest common factor of c and 51.
17
Let u(t) = 55*t**3 + 2*t**2 - 2*t + 1. Let v be u(1). Let r(w) = w + 18. Let n be r(-4). Calculate the highest common factor of n and v.
14
Let r = -10 + 19. Suppose 45 = 3*c - 2*z - 11, 5*c - 95 = 5*z. Calculate the highest common divisor of c and r.
9
Let u(j) = 5*j + 21. Let k(i) = 11*i + 43. Let a(b) = -6*k(b) + 13*u(b). Let n be a(8). Calculate the highest common divisor of n and 77.
7
Suppose t = 4*t - 36. What is the greatest common factor of t and 18?
6
Suppose 29 = -3*j - 2*p, 5*j + 2 = 3*j + 3*p. Let o be 4/14 - 33/j. What is the greatest common factor of o and 10?
5
Let k(a) be the first derivative of a**4/4 - 8*a**3/3 - 5*a**2 + 13*a - 1. Let v be k(9). Calculate the highest common factor of v and 10.
2
Suppose 4*c + 2*p + p = 177, 5*p + 111 = 3*c. What is the highest common divisor of c and 63?
21
Suppose 3*n = 4*n + 12. Let v be (-2)/(2*3/n). Suppose 3*b - 26 = t, -4*b = -3*b + 5*t + 2. Calculate the highest common factor of v and b.
4
Let m be 6 - -1*2/2. Let v be (-2)/7 + 142/m. Suppose -z + r + v = 0, -25 + 0 = -z - 4*r. Calculate the greatest common factor of 7 and z.
7
Suppose 0*m - 30 = 5*m. Let q be (2 + m)*3/(-3). Suppose -2*x + 4 = -0*j + j, 0 = q*j + 2*x - 40. What is the greatest common factor of j and 18?
6
Suppose 4*k - 9*r = -4*r + 156, 0 = k + 5*r - 39. Let p be (6/9)/((-4)/(-174)). Let v = p + -16. What is the highest common factor of k and v?
13
Let d = -257 - -369. What is the highest common factor of d and 14?
14
Suppose -4*r = 3*c + 10, 3*c + 8 = -2*c + 2*r. Let t be 9/1*(0 - c). Let a = -364 + 526. What is the highest common divisor of a and t?
18
Let n(x) = 2*x**3 - 5 - 3*x**3 - 3*x - 5*x**2 + x**2. Let b be n(-4). What is the greatest common factor of b and 63?
7
Suppose -n + 85 - 29 = 0. Let o(c) = c**2 + 8. Let f be 2/2 - 2/2. Let v be o(f). Calculate the greatest common factor of n and v.
8
Suppose -3 = -4*b + r, -3*b + r - 2 = -4*r. Let f be -2 - (-2)/(b + -2). Let s = 20 - f. What is the greatest common divisor of 3 and s?
3
Suppose 0 = 5*f - 34 - 11. Suppose -2*h = -c + f - 27, 5*c = -2*h + 18. Let z(m) = 5*m - 7. Let t be z(5). What is the highest common divisor of h and t?
9
Let k = -11 + 19. What is the highest common factor of 12 and k?
4
Suppose 4 = t + t. Suppose 3*m - 2*m = t. Let j = 8 + -6. Calculate the highest common factor of m and j.
2
Let q = -56 - -15. Let d = q + 201. Suppose d = 6*p - 2*p. What is the greatest common divisor of 8 and p?
8
Suppose -2*u = -8*c + 3*c - 3, -c + 5 = u. Calculate the greatest common divisor of u and 52.
4
Suppose 8